In base 9, what is -3233 + 2?
-3231
In base 9, what is -8 + -681?
-700
In base 15, what is 2ebc9 + 1?
2ebca
In base 7, what is 511565 + 14?
511612
In base 10, what is 29 - 341?
-312
In base 16, what is 2f + -501?
-4d2
In base 14, what is 14dc - -4?
1502
In base 8, what is 3 + 1013121?
1013124
In base 8, what is 5 + -13635?
-13630
In base 15, what is 9c + -578?
-4cb
In base 16, what is -7a + -21dd?
-2257
In base 7, what is -505034 - 2?
-505036
In base 2, what is 1111 - -1000100111011100100?
1000100111011110011
In base 9, what is -2 + 131286?
131284
In base 13, what is -426 + -2?
-428
In base 11, what is -1398 + 20?
-1378
In base 12, what is -71 + 391a?
3869
In base 7, what is -234265 - 204?
-234502
In base 11, what is 0 - -14745?
14745
In base 14, what is -15 - -10a3?
108c
In base 8, what is -173 + -535?
-730
In base 10, what is -23906 + -23?
-23929
In base 16, what is 3eb1 - -11b?
3fcc
In base 6, what is -3 - -314002?
313555
In base 4, what is 20300003 + -2?
20300001
In base 3, what is 12 - 221010120?
-221010101
In base 8, what is 153 + 522?
675
In base 8, what is 21 - -5211?
5232
In base 3, what is -1211 + 10111200200?
10111121212
In base 11, what is 10 - -39474?
39484
In base 5, what is 32200144 - -2?
32200201
In base 15, what is -62a - 5c0?
-bea
In base 9, what is 0 - -3634?
3634
In base 16, what is -22785 - 3?
-22788
In base 8, what is 2 + 44766?
44770
In base 11, what is -223 + -1399?
-1611
In base 6, what is -5 - -223443?
223434
In base 4, what is -1221133023 + -1?
-1221133030
In base 7, what is 3352 + 20?
3402
In base 2, what is 1011 + -1111111110101?
-1111111101010
In base 11, what is 343 + 26a3?
2a36
In base 14, what is 4593 - d8?
4499
In base 9, what is -11 + -14687?
-14708
In base 7, what is -6 + -1214006?
-1214015
In base 3, what is 10 - 120100210?
-120100200
In base 16, what is 129bb + 0?
129bb
In base 2, what is -11000 + 101011000100?
101010101100
In base 10, what is 2 - -1502?
1504
In base 2, what is -101101101011 - -111100111?
-100110000100
In base 8, what is 40460 + -3?
40455
In base 12, what is -482 + 3527?
3065
In base 9, what is 18665 + -224?
18441
In base 9, what is 378 - 47?
331
In base 7, what is 1520213 - -3?
1520216
In base 10, what is 5 + -300221?
-300216
In base 7, what is -1104 + 115?
-656
In base 6, what is 0 - -1202225?
1202225
In base 14, what is 1b - bd4?
-bb7
In base 15, what is 26 + -329?
-303
In base 4, what is 201331 - 10222?
131103
In base 5, what is 3344 - -230?
4124
In base 8, what is -3 - 302431?
-302434
In base 13, what is -5361 + -4?
-5365
In base 16, what is 130d + -7?
1306
In base 13, what is 36 - 22b5?
-227c
In base 3, what is 111210 - -201021?
1020001
In base 3, what is -1010021 + 100000?
-210021
In base 6, what is 404 + 3531?
4335
In base 13, what is 3 + 12135?
12138
In base 5, what is -310 - -202304?
201444
In base 3, what is 21121 + 11220102?
12012000
In base 9, what is -1 + -188822?
-188823
In base 16, what is 311 - c9?
248
In base 7, what is -322 - 55?
-410
In base 10, what is -127 + 264?
137
In base 14, what is -1207dc - 2?
-120800
In base 14, what is 4 - 42643?
-4263d
In base 15, what is -20e67 + -23?
-20e8a
In base 8, what is 2 + -24303?
-24301
In base 14, what is 5 + 1986?
198b
In base 3, what is 11 + 222000212?
222001000
In base 2, what is 10100 + 111010001?
111100101
In base 13, what is 94 - 414?
-350
In base 15, what is -18968 + 5?
-18963
In base 12, what is -26 + 963?
939
In base 10, what is 10094 - -3?
10097
In base 9, what is 132218 - 36?
132172
In base 8, what is -221134 - -4?
-221130
In base 5, what is 3 + 333231?
333234
In base 3, what is -1202212220 - -1?
-1202212212
In base 10, what is -876 + -5?
-881
In base 15, what is 70 - -3e7?
467
In base 2, what is 1000 - 10001100001101?
-10001100000101
In base 11, what is 41 + -68596?
-68555
In base 4, what is 2032202 - 332?
2031210
In base 15, what is -16eb + -a?
-1706
In base 12, what is -10 - -646?
636
In base 11, what is -5 + -1131a?
-11324
In base 7, what is -14 - 24130?
-24144
In base 5, what is 4020242 - 2?
4020240
In base 7, what is 1520602 - -1?
1520603
In base 12, what is 478b3 + 15?
47908
In base 4, what is 12 + 20310?
20322
In base 6, what is 534 - 13422?
-12444
In base 8, what is 36 + 2351?
2407
In base 8, what is -11667 - -135?
-11532
In base 7, what is -44066 - -35?
-44031
In base 12, what is 27160 + -4?
27158
In base 11, what is 10927 - 8?
1091a
In base 14, what is -9 + -1bd9?
-1c04
In base 7, what is -2323 + 422?
-1601
In base 13, what is 288 + 959?
c14
In base 12, what is 2 - -174219?
17421b
In base 4, what is 13231 + -131311?
-112020
In base 2, what is -1111 + 10101101?
10011110
In base 13, what is -93 + a88?
9c5
In base 10, what is 15 + -23428?
-23413
In base 9, what is 34 + 44638?
44673
In base 7, what is 161221 + 4?
161225
In base 2, what is -10000101011111010 - -11?
-10000101011110111
In base 15, what is 29e1 - 3?
29dd
In base 11, what is -5 + -7116?
-7120
In base 2, what is -110111101000 + 11000?
-110111010000
In base 12, what is 37aa + 1?
37ab
In base 10, what is 54 + -680?
-626
In base 2, what is -100001 + -10100011010001?
-10100011110010
In base 13, what is -542a46 - 4?
-542a4a
In base 12, what is -1 - -3000?
2bbb
In base 11, what is -18 + 4608?
45a0
In base 2, what is 10 - 1000000010010110?
-1000000010010100
In base 15, what is -58 + 791?
738
In base 15, what is -973 + -e?
-982
In base 15, what is -39b - -65?
-336
In base 2, what is -10011001101 - 11101010?
-10110110111
In base 15, what is e0 - -55c1?
56b1
In base 2, what is -11011 - -1110100111?
1110001100
In base 13, what is 614 + -14?
600
In base 3, what is 221101001111 + -12?
221101001022
In base 6, what is 1 - -22223?
22224
In base 6, what is -13343 - 1522?
-15305
In base 8, what is 2257 + 32?
2311
In base 5, what is 12324104 + 4?
12324113
In base 16, what is -10 - 1ca9?
-1cb9
In base 9, what is -13584 - -48?
-13535
In base 2, what is -1010011 + -101000011000000?
-101000100010011
In base 13, what is -9092 - -8?
-9087
In base 9, what is -5 + -2628?
-2634
In base 5, what is 102201 - -44?
102300
In base 14, what is 5 + -4c7a?
-4c75
In base 6, what is 5 + 351110?
351115
In base 7, what is 1110 + 62?
1202
In base 10, what is 17 - 42740?
-42723
In base 2, what is -1110010111100 - 10001?
-1110011001101
In base 4, what is -3103 + -112202?
-121311
In base 2, what is -1010101 - -101010101?
100000000
In base 5, what is -44340 - -3241?
-41044
In base 12, what is -374 - 1530?
-18a4
In base 14, what is -5 + 377b?
3776
In base 16, what is 9b6 + -6?
9b0
In base 8, what is 3 + 1053140?
1053143
In base 11, what is -2 + 186925?
186923
In base 7, what is 2 - -651353?
651355
In base 5, what is 30404 - -11?
30420
In base 2, what is -110100101100101 + -101001?
-110100110001110
In base 16, what is 32 - -2db1?
2de3
In base 7, what is -6 - -3045?
3036
In base 11, what is -995 - -21?
-974
In base 12, what is 914 - -21?
935
In base 11, what is 163 - 1368?
-1205
In base 3, what is -121 - 20111210100?
-20111210221
In base 5, what is -313204241 + -2?
-313204243
In base 16, what is 1c - -cc0?
cdc
In base 12, what is -11 - -1233?
1222
In base 3, what is -12012012222 - -211?
-12012012011
In base 13, what is -146 - 3152?
-3298
In base 6, what is -115 - 3454?
-4013
In base 8, what is -13 - -1401?
1366
In base 10, what is 0 - -310463?
310463
In base 16, what is -9 + -5bff?
-5c08
In base 11, what is -9a2 - -46?
-957
In base 8, what is 20346545 + 1?
20346546
In base 2, what is 10100110 + -1000001?
1100101
In base 14, what is -93ba + 43?
-9377
In base 9, what is 18 + -6844?
-6825
In base 10, what is 496 - 1111?
-615
In base 13, what is 7 - -456ac?
456b6
In base 15, what is 17a6 - 31e?
1487
In base 16, what is -f4709 - 0?
-f4709
In base 12, what is -14260 + 2?
-1425a
In base 11, what is 111 + -59?
63
In base 11, what is 13611 + -1a?
135a2
In base 15, what is 5 + -4199?
-4194
In base 4, what is 12232020 + 10?
12232030
In base 2, what is -101010010000011000 - -10?
-101010010000010110
In base 7, what is -351441 + 3?
-351435
In base 10, what is -154 + 2878?
2724
In base 16, what is -32d3 - -c?
-32c7
In base 8, what is -113 + -21167?
-21302
In base 2, what is -1110001000100100110 - 101?
-1110001000100101011
In base 2, what is 110110100110000111100 + -1?
110110100110000111011
In base 7, what is -1